 -2 - 994?
-996
In base 6, what is -145 + -11412?
-12001
In base 6, what is -5314 - 2223?
-11541
In base 2, what is 11100110000 - -1111?
11100111111
In base 9, what is -2576312 + -6?
-2576318
In base 2, what is 100 - 1000000001110?
-1000000001010
In base 2, what is -10110101001111110 + -11?
-10110101010000001
In base 14, what is -286a - -2c?
-283c
In base 7, what is -1532 + -1533?
-3365
In base 3, what is -2011122010 - 22?
-2011122102
In base 13, what is -1 + -56798?
-56799
In base 10, what is -10 + -121615?
-121625
In base 6, what is -542 + 301?
-241
In base 15, what is -12 + 9d4?
9c2
In base 7, what is 20 - 621012?
-620662
In base 3, what is -12 + -21120120211?
-21120121000
In base 2, what is 0 - -1001101011110010000?
1001101011110010000
In base 10, what is -3 + -234960?
-234963
In base 16, what is 2 + 37860?
37862
In base 3, what is -12 - -100012100?
100012011
In base 9, what is 4 + 1040?
1044
In base 3, what is -22110110 - 210?
-22111020
In base 11, what is 2 + -75348?
-75346
In base 12, what is -117269 - 1?
-11726a
In base 3, what is -10102222202 - -2122?
-10102220010
In base 15, what is -451 - -2?
-44e
In base 14, what is a42 + 2d?
a71
In base 7, what is -305300 - -15?
-305252
In base 6, what is -5 + -54055?
-54104
In base 2, what is 101011001 - -1111101001?
10101000010
In base 13, what is 5 - -a907?
a90c
In base 9, what is -88 - -242?
143
In base 12, what is -6b + -6978?
-6a27
In base 2, what is 10001 - 101?
1100
In base 13, what is 1c0ac + 5?
1c0b4
In base 2, what is -1000010101110 + 10011000?
-1000000010110
In base 3, what is -212 - -101101?
100112
In base 7, what is -3 - 254030?
-254033
In base 9, what is 34 - -1024?
1058
In base 16, what is -95dd + 3?
-95da
In base 13, what is -3 + -1c387?
-1c38a
In base 13, what is 24 + a9?
100
In base 8, what is 5 + -475371?
-475364
In base 14, what is 32 - -1248?
127a
In base 14, what is 1 - 3710?
-370d
In base 14, what is 43374 + -1?
43373
In base 11, what is 5 + 32217?
32221
In base 4, what is -2 + -1101121?
-1101123
In base 4, what is 0 + -131121?
-131121
In base 4, what is 2300 + -103203?
-100303
In base 13, what is 4 + c2719?
c2720
In base 7, what is 53226124 - -1?
53226125
In base 8, what is -4 - 32427?
-32433
In base 11, what is 63 - -1016?
1079
In base 13, what is -ac54 + -6?
-ac5a
In base 14, what is 3 - -191ab?
191b0
In base 14, what is a2 - -11d?
1c1
In base 6, what is -5 - -4255?
4250
In base 8, what is -66726 - 14?
-66742
In base 11, what is 10614a8 - 4?
10614a4
In base 8, what is -246 + -112?
-360
In base 11, what is 3a6 - -65?
460
In base 9, what is 14823 - 128?
14684
In base 15, what is -670 - 43?
-6b3
In base 9, what is -1 - -257122?
257121
In base 6, what is 2015 + -10224?
-4205
In base 8, what is -252 - 2?
-254
In base 11, what is 1343 + 332?
1675
In base 6, what is -5101423 + 5?
-5101414
In base 7, what is 2 + 102255?
102260
In base 5, what is -32 + -114224?
-114311
In base 8, what is 60641 + -5?
60634
In base 10, what is 11541192 + 2?
11541194
In base 8, what is 72 + 21343?
21435
In base 14, what is -10 + -84d0?
-8500
In base 6, what is -23 + 2050321?
2050254
In base 8, what is -4 + -146366?
-146372
In base 5, what is 40 + 30440021?
30440111
In base 7, what is 646221 + 2?
646223
In base 5, what is 10 - 2311210?
-2311200
In base 3, what is 102 - 2012220200?
-2012220021
In base 5, what is 104243 - 40?
104203
In base 9, what is -15445 - 615?
-16161
In base 2, what is 101111111011 - -1100001?
110001011100
In base 15, what is 46 + -350?
-309
In base 7, what is 2110 - 0?
2110
In base 16, what is 1 + 32fe?
32ff
In base 9, what is 32 + 210036?
210068
In base 12, what is -455 - -5?
-450
In base 10, what is -8 - -42596?
42588
In base 12, what is 2 - 23?
-21
In base 7, what is 124430 + -15?
124412
In base 11, what is 11 + -2854?
-2843
In base 7, what is -211222 - -4?
-211215
In base 2, what is 10 - -1101001000011011110?
1101001000011100000
In base 15, what is 47d + -e49?
-9bb
In base 13, what is 3 - -67011?
67014
In base 14, what is -49c62 - -1?
-49c61
In base 5, what is 2 + 14234?
14241
In base 5, what is -4 - 130011?
-130020
In base 16, what is -21ec0a - 2?
-21ec0c
In base 14, what is -bd93 - 2?
-bd95
In base 16, what is -1047 - -3?
-1044
In base 8, what is -12 + -2330045?
-2330057
In base 5, what is -13120033 + 4?
-13120024
In base 16, what is -5 + 3f99f?
3f99a
In base 5, what is 1034013 + 41?
1034104
In base 13, what is -2 - 1360b?
-13610
In base 15, what is 356e3 - -3?
356e6
In base 5, what is 10143 - -1202?
11400
In base 14, what is -1bc - c?
-1ca
In base 4, what is 2 - -100300112?
100300120
In base 6, what is 155 + -13422?
-13223
In base 12, what is 77 + -1b?
58
In base 5, what is -312 + -10442?
-11304
In base 12, what is 110a2 - 5?
11099
In base 15, what is -78a3 + -e?
-78b2
In base 9, what is -6855 - -364?
-6481
In base 13, what is -8889 - 0?
-8889
In base 15, what is -8e - 871?
-910
In base 4, what is -101013320 - 11?
-101013331
In base 6, what is -40553 + 3?
-40550
In base 11, what is -a780 + 34?
-a747
In base 9, what is -62 + -33584?
-33656
In base 5, what is 2 - -4100132?
4100134
In base 10, what is -25 - 477?
-502
In base 7, what is -126 + -4615?
-5044
In base 2, what is -100000011110 - -10100?
-100000001010
In base 3, what is -111021 - -10101?
-100220
In base 7, what is -162555 + -4?
-162562
In base 12, what is 5332 + -2a?
5304
In base 3, what is 2120000211 + 2120?
2120010101
In base 15, what is 7a1b2 - -5?
7a1b7
In base 5, what is 2441131 - 4?
2441122
In base 6, what is -5 + 2433433?
2433424
In base 11, what is 11 - 1969?
-1958
In base 10, what is 37181 - 8?
37173
In base 4, what is 11 - -3222223122?
3222223133
In base 2, what is 10011100001101 - -111110?
10011101001011
In base 11, what is 905 + -73?
842
In base 2, what is -1 + 110110101000?
110110100111
In base 3, what is 1100111 + -10100?
1020011
In base 4, what is 10001203 + 2?
10001211
In base 9, what is -35 + -15206?
-15242
In base 12, what is 325 - -65?
38a
In base 10, what is -435471 + -2?
-435473
In base 11, what is -70622 - -6?
-70617
In base 12, what is 6 + -113512?
-113508
In base 15, what is -c3b + -a2?
-cdd
In base 12, what is -412 + 12b?
-2a3
In base 6, what is -1 - 21122?
-21123
In base 2, what is -1000 + -101010101111?
-101010110111
In base 14, what is 150226 - -1?
150227
In base 12, what is -1a31 - 296?
-2107
In base 5, what is -123342 + 1?
-123341
In base 8, what is 5 + -1370133?
-1370126
In base 5, what is -2441121 - -13?
-2441103
In base 9, what is 6114 + -5?
6108
In base 7, what is -1 - -3254145?
3254144
In base 12, what is a + 3295?
32a3
In base 4, what is -1021220 - -22?
-1021132
In base 13, what is a18 + -3?
a15
In base 11, what is -15951 - 12?
-15963
In base 5, what is 21203 - 1201?
20002
In base 16, what is -28 - 483?
-4ab
In base 14, what is -956 - 588?
-1100
In base 5, what is -3442040 - -4?
-3442031
In base 11, what is -989 + -252?
-1130
In base 4, what is 231133 + 21?
231220
In base 14, what is -2 + 80694?
80692
In base 10, what is -3070 - 31?
-3101
In base 8, what is -4 + 14771?
14765
In base 9, what is -102 + -1057?
-1160
In base 16, what is -d5 - -35?
-a0
In base 4, what is -20030 + 100221?
20131
In base 9, what is 7 + -4068?
-4061
In base 11, what is -156 - 6168?
-6313
In base 11, what is 181a3 - -9?
18201
In base 6, what is 155524 - 13?
155511
In base 5, what is 10 - -11314341?
11314401
In base 7, what is 10232 + -20?
10212
In base 6, what is -2 + 2531101?
2531055
In base 12, what is -1060 - 36?
-1096
In base 7, what is -16 + 13110?
13061
In base 4, what is 203113 + 1021?
210200
In base 12, what is 149544a - -1?
149544b
In base 10, what is 29833 - -118?
29951
In base 3, what is -212202202 + 11?
-212202121
In base 13, what is -3 - -76812?
7680c
In base 3, what is 101201202112201 + -10?
101201202112121
In base 9, what is 128278 - 4?
128274
In base 14, what is -41c75 + 4?
-41c71
In base 5, what is 12123314 - -11?
12123330
In base 4, what is 1030201 - -313?
1031120
In base 14, what is -9 + -c9?
-d4
In base 6, what is 1032515 + -23?
1032452
In base 13, what is -167 - 117?
-281
In base 2, what is -11000010010001000 - 10?
-11000010010001010
In base 12, what is -31555 - 1?
-31556
In base 12, what is 10 + -143b?
-142b
In base 6, what is 10 + -4322?
-4312
In base 7, what is 22642 - -11?
2265